 l. Calculate the highest common factor of p and 16.
8
Suppose -26*v - 8550 = -64*v. Calculate the greatest common divisor of 1035 and v.
45
Suppose 0 = 3*b - 6*b + 30. Let q be 24/140*b*84. What is the greatest common divisor of 96 and q?
48
Let h(o) = o**3 + 16*o**2 + 30*o - 2. Let s = 544 - 557. Let m be h(s). What is the greatest common divisor of 253 and m?
23
Suppose 0 = -5*n + 2*p + 54, -12*n = -9*n + 5*p - 51. Suppose 4*x = -2*v + 632, 5*x + 2*v - 760 = 7*v. Calculate the highest common divisor of x and n.
12
Let c be 88 + 57 - (2 - 1)*1. Calculate the highest common divisor of c and 816.
48
Let g = -100 - -38. Let p = g + 79. Suppose 3 = 5*t - p. What is the greatest common factor of t and 16?
4
Let s(r) = -3*r + 64. Let q be s(17). Suppose -q*l + 4757 = 1429. Calculate the highest common divisor of l and 16.
16
Let v(t) = 199*t + 5065. Let x be v(-7). Calculate the greatest common divisor of 238 and x.
34
Let v(q) = -q**2 - 65*q + 381. Let u be v(-62). Calculate the greatest common factor of 756 and u.
189
Let n = -1624 + 1953. Calculate the highest common divisor of n and 235.
47
Suppose -176*z + 92907 = -139*z. Calculate the highest common factor of z and 186.
93
Suppose -27*k - 21*k = -7296. Let i(d) = d**3 + 12*d**2 + 8*d + 5. Let x be i(-11). What is the greatest common factor of k and x?
38
Suppose -5*c - 21 = -46. Suppose 4*i + 167 = c*i. Let s = i + -112. What is the greatest common divisor of 5 and s?
5
Let r be 4 + 6/(6 + 0). Suppose -4*v = -r*t + 98, 11*v - 25 = -t + 10*v. Calculate the highest common divisor of 1562 and t.
22
Suppose 4*v - 43788 = 4*y, 33*y - 32835 = -3*v + 38*y. What is the greatest common divisor of v and 657?
219
Let y(d) = -d**2 + 170*d + 494. Let b be y(0). Calculate the highest common divisor of 182 and b.
26
Let c = -2885 + 3037. Let g = 48 + -29. What is the greatest common factor of c and g?
19
Suppose -1212 = -34*f + 148. Suppose -69*p + 64*p + f = 0. What is the greatest common factor of p and 20?
4
Let k(h) = -5*h + 103. Let z be k(19). Let o be 69/6 - (-3)/(-6). Let t = o - -5. Calculate the highest common factor of z and t.
8
Suppose y + 13 = 3*w, -2*w + 14 = y + y. Let g be 8/(-2) + (y - -38) - 1. Calculate the greatest common factor of g and 7.
7
Let b be (-9 + 2)*(-15)/21. Let s(w) = 27*w - 123. Let z be s(b). Calculate the highest common divisor of z and 12.
12
Suppose -12 = -3*q, q - 2*q = p - 30. Let a = p - -29. Let x(r) = -r**3 + 9*r**2 + 12*r + 2. Let k be x(10). Calculate the highest common divisor of k and a.
11
Suppose -2*k + 8 = -x, -5*x - 2 = 5*k + 8. Suppose -k*a - 251 + 411 = 0. What is the highest common factor of 720 and a?
80
Suppose -2846 - 7042 = -16*q. What is the highest common divisor of 6 and q?
6
Suppose 47*c - 24 = 44*c. Suppose x + 2 = c. Let i be 7 + ((-2)/1 - (-7 + x)). Calculate the highest common divisor of i and 6.
6
Suppose 4*f = 7 + 5. Suppose -3*g = -87 - f. Suppose 4*l + 4*b - 1411 = -587, 3*b = -5*l + 1038. What is the greatest common divisor of l and g?
30
Suppose -48*c + 2970 = g - 43*c, 0 = g - 3*c - 2978. What is the greatest common divisor of g and 1925?
175
Let d be ((-1)/(-3))/((-1)/(-9)). Calculate the greatest common factor of 22 and d.
1
Let b(y) = 7562*y**2 - 32*y + 78. Let q be b(3). Calculate the highest common divisor of 70 and q.
70
Suppose 5*p - 101 - 119 = 0. Let x = p + -38. Let c be (50/15)/(4/x). What is the highest common divisor of 15 and c?
5
Suppose -405 = -3*s + 18*s. Let c be (0 - -30)/((-6)/s). What is the greatest common divisor of c and 5?
5
Let j = 30 - 26. Suppose -j*o = 5*o - 270. Let i be 24/o*20*1. Calculate the greatest common divisor of 32 and i.
16
Let t be 5/20 + (-342)/(-48)*14. What is the greatest common factor of 1460 and t?
20
Let z = 134 - 120. Suppose -z = -q - 0. Let y be ((-7)/2)/((-13)/104). What is the highest common divisor of y and q?
14
Let f(l) = 24*l**2 - 6*l - 247. Let t be f(-12). What is the greatest common divisor of t and 51?
17
Suppose 53 + 247 = 10*g. Suppose -11*m = -m - g. Let v(u) = -u + 3. Let j be v(-6). Calculate the greatest common divisor of j and m.
3
Suppose k - 28 - 33 = -3*h, -4*h = 2*k - 112. Let v be (16 - 1300/30)/((-4)/18). Let r = v - k. Calculate the highest common factor of r and 11.
11
Let o = -143 - -1228. Calculate the highest common divisor of o and 14.
7
Suppose 0 = 2*r + 4*n - 24 + 2, 0 = 4*r - n - 89. What is the greatest common divisor of r and 903?
21
Suppose 0 = -251*s + 129*s + 111*s + 5456. Calculate the highest common factor of s and 336.
16
Let j be -20*78/(-192) - 1/8. Suppose 3*v - 1376 = -t, -4*v - 4*t - 1840 = -j*v. Let s = -111 + 162. What is the greatest common factor of v and s?
51
Suppose 4*l + 71 = -3*z, -5*l - 3*z = -4*l + 11. Let o be 14/(-5) + l/(-25). Let w be ((-1)/2)/(o/924). What is the highest common factor of w and 21?
21
Let v(r) = 2*r**2 + 9*r - 2. Let x be v(6). Let y be (4*2/(-10))/((-2)/(-220)). Let a = y + x. Calculate the greatest common factor of 288 and a.
36
Let y(m) = 1 + 3 + 33*m - 2*m**3 - 27*m. Let o be y(-4). Calculate the highest common divisor of 162 and o.
54
Let a be (18/(-4))/(18/(-48)). Let r(q) = q**3 + 37*q**2 - 38*q + 10. Let h be r(-38). What is the greatest common divisor of h and a?
2
Let i be (-306*-3*(-1)/(-9))/1. What is the highest common factor of 119 and i?
17
Suppose 4*j = 880 + 236. Let m(s) = s**3 - 13*s**2 + 21*s - 2. Let g be m(10). Let d be -2*(-4 + g/8). What is the highest common factor of j and d?
31
Suppose -26 = 3*s + 4*r, -2*s + 5*s = 4*r - 10. Let g be (0 - -37) + s/3. Let b be (-2 - -1)/(122/(-854)). Calculate the greatest common divisor of g and b.
7
Let m(j) = 2*j**2 + 37*j - 319. Let u be m(8). Calculate the highest common factor of 1290 and u.
15
Let l be -2*26*(-5 - -4). Suppose 7*u - 9*u + 212004 = 149*u. Calculate the greatest common factor of u and l.
52
Suppose -q + 21 - 24 = 0, -3206 = -2*p + 2*q. Calculate the highest common factor of p and 128.
64
Suppose -24*g + 9517 = 9*g + 3049. What is the greatest common factor of g and 124?
4
Let q(g) = 26*g**2 - 50 + 16*g + 14*g - 29*g + 14*g. Let y be q(5). What is the greatest common factor of 25 and y?
25
Let a = 19 + -17. Let c be (-6 - 1)/(a/(-32)). Let m be (-90)/(-20)*32/9. What is the highest common divisor of m and c?
16
Let m = -37 - -51. Let d = -26 + m. Let g = d - -20. Calculate the greatest common divisor of g and 20.
4
Let o(d) = -d**2 - 28*d + 176. Let x be o(-17). What is the greatest common factor of x and 297?
33
Let h = -60 - -34. Let o(l) = -2*l**2 - 53*l - 23. Let j be o(h). What is the highest common divisor of 15 and j?
3
Let c = 81 + -84. Let h be (121*(c - -2))/(1/(-2)). What is the greatest common factor of 44 and h?
22
Let n = 7396 - 7297. What is the highest common divisor of 3993 and n?
33
Let s = -5126 - -5150. What is the greatest common divisor of 96 and s?
24
Let j = 9114 - 8558. Calculate the highest common factor of j and 36.
4
Let b(k) = 7*k**2 - 2*k + 3. Let r = 63 + -92. Let u = -28 - r. Let d be b(u). Calculate the highest common factor of d and 12.
4
Suppose -40 = 4*l - 9*l - 5*y, -5*y + 10 = 0. Let r(d) = -152*d - l + 80*d + 81*d. Let a be r(4). What is the highest common factor of 240 and a?
30
Let d = -157 - -152. Let y be 6 - 5 - (d - 118). Calculate the highest common divisor of 31 and y.
31
Let s be -14*(2 - (-208)/(-56))/(4/72). Calculate the greatest common factor of s and 78.
6
Let m(r) = 3*r + 56. Let h be m(-18). Suppose 3*t + 15 = 8*t. Suppose 0 = h*z - 4, -t*a + 0*a - z + 170 = 0. Calculate the greatest common factor of 14 and a.
14
Let l be 8/(8 - 6) + (163 - (-6 + 3)). What is the highest common divisor of 2465 and l?
85
Let f = 6706 + -6466. Calculate the highest common factor of 1380 and f.
60
Suppose 15*z + 3*w + 1852 = 17*z, 4644 = 5*z - 4*w. Calculate the greatest common factor of z and 18.
2
Let x(t) = 2*t**2 - 59*t + 504. Let i be x(21). What is the highest common divisor of 2352 and i?
147
Let f = 10886 + -10290. What is the greatest common factor of f and 7301?
149
Let f = -6176 + 8341. Calculate the highest common factor of f and 5.
5
Let v be (12 - (-204)/1) + (20/4 - 4). Calculate the greatest common divisor of 126 and v.
7
Let c(s) = 22*s**3 + 4*s**2 - 2*s - 1. Let m be c(2